multiple of 417?
False
Does 50 divide 35978200?
True
Is 2195 a factor of 240496202?
False
Does 134 divide 217082968?
False
Is 167 a factor of 3226621696?
True
Does 2789 divide 1539709285?
True
Is 2274 a factor of 425131122?
True
Does 188 divide 174206030?
False
Is 172 a factor of 47696855?
False
Does 364 divide 418699372?
True
Is 16 a factor of 7098427889?
False
Is 232125158 a multiple of 768?
False
Is 44639662 a multiple of 956?
False
Does 18 divide 158303188?
False
Is 337762187 a multiple of 385?
False
Is 556 a factor of 512320199?
False
Is 1902 a factor of 810255804?
True
Is 4920 a factor of 69573720?
True
Is 40021874 a multiple of 136?
False
Is 17 a factor of 80087206?
False
Does 29 divide 11255139?
False
Is 149696106 a multiple of 7?
True
Is 1174783006 a multiple of 23?
True
Does 2 divide 1075467857?
False
Is 34 a factor of 48847018?
True
Does 217 divide 134307312?
False
Is 220 a factor of 373202060?
True
Is 761 a factor of 61148633?
True
Is 209455497 a multiple of 334?
False
Is 2935 a factor of 770713390?
True
Does 2686 divide 414249781?
False
Does 216 divide 2760112152?
True
Does 969 divide 1073949451?
False
Is 642245494 a multiple of 2312?
False
Is 2755085933 a multiple of 13043?
True
Does 2 divide 768144?
True
Is 277483084 a multiple of 122?
False
Is 21 a factor of 624023148?
True
Is 1688796582 a multiple of 66?
True
Does 4973 divide 1802095848?
True
Is 251 a factor of 66780892?
False
Does 660 divide 111382223?
False
Is 11402434 a multiple of 502?
False
Does 47 divide 7539129?
True
Is 15 a factor of 4376115?
True
Is 177 a factor of 14045691?
False
Does 24 divide 28953960?
True
Is 8 a factor of 959109730?
False
Is 5453343 a multiple of 157?
False
Does 45 divide 33448102?
False
Does 5 divide 170258500?
True
Is 323848694 a multiple of 5122?
True
Is 4 a factor of 194179231?
False
Is 239003999 a multiple of 7?
False
Does 2 divide 102542983?
False
Is 28788560 a multiple of 80?
True
Is 83 a factor of 1160770019?
False
Is 12622 a factor of 3026465294?
True
Is 55 a factor of 855317510?
False
Does 47 divide 78710101?
True
Does 166 divide 223390960?
False
Does 120 divide 618024720?
True
Does 15 divide 961014?
False
Is 22 a factor of 1158839965?
False
Is 152 a factor of 59140616?
True
Is 14 a factor of 4185553414?
True
Does 1371 divide 57484659?
True
Is 219280985 a multiple of 77?
True
Is 165 a factor of 70274193?
False
Does 427 divide 13109327?
True
Is 85395139 a multiple of 18?
False
Is 125513126 a multiple of 2258?
False
Is 165 a factor of 358212?
False
Is 885174557 a multiple of 1374?
False
Is 45 a factor of 108666990?
True
Is 510417136 a multiple of 154?
False
Is 6138308544 a multiple of 12?
True
Is 18824092 a multiple of 104?
False
Is 9 a factor of 522857646?
True
Is 128 a factor of 265720365?
False
Is 85 a factor of 159634346?
False
Does 1154 divide 898210076?
False
Is 19 a factor of 80353850?
True
Is 812 a factor of 31975748?
True
Is 4301106 a multiple of 57?
True
Is 658494440 a multiple of 820?
True
Does 3 divide 62789090?
False
Is 568 a factor of 592424?
True
Is 2242202 even?
True
Is 308303389 a multiple of 45?
False
Is 23578489 a multiple of 1803?
False
Does 6 divide 1178843967?
False
Does 695 divide 13430996?
False
Is 5727443 a multiple of 92?
False
Is 82 a factor of 39022764?
False
Is 199463330 a multiple of 110?
True
Is 793776594 a multiple of 190?
False
Is 173 a factor of 12031804?
True
Does 8 divide 16621380?
False
Does 578 divide 11861716?
True
Is 1179 a factor of 1568753820?
True
Is 6 a factor of 170476082?
False
Is 13 a factor of 50711791?
True
Is 699 a factor of 1596215478?
False
Is 181 a factor of 14512854?
False
Is 633869 a multiple of 1923?
False
Is 3484820805 a multiple of 563?
True
Is 41341222 a multiple of 12?
False
Is 31 a factor of 4405390410?
False
Does 9 divide 432986427?
True
Does 5595 divide 1090952265?
True
Does 110 divide 2170775860?
True
Is 2395133431 a multiple of 5189?
True
Is 576087592 a multiple of 2974?
True
Is 2858 a factor of 92438328?
False
Does 8 divide 1188000?
True
Is 9 a factor of 43650353?
False
Does 61 divide 35863444?
False
Does 4740 divide 174299280?
True
Does 22 divide 1617917?
False
Does 7179 divide 513324142?
False
Is 454793172 a multiple of 6106?
False
Is 28869537 a multiple of 555?
False
Is 599968118 a multiple of 163?
True
Does 3539 divide 1567840563?
False
Is 151293452 a multiple of 19?
False
Does 2 divide 46140252?
True
Is 17 a factor of 701090153?
False
Is 71 a factor of 2393584944?
True
Is 79305066 a multiple of 9?
True
Is 124021296 a multiple of 18?
True
Is 2675 a factor of 5500974668?
False
Is 782501034 a multiple of 14?
True
Is 74 a factor of 64342947?
False
Is 669 a factor of 313467181?
False
Is 68864475 a multiple of 22?
False
Does 10 divide 7388720?
True
Does 256 divide 54557694?
False
Is 162635779 a multiple of 3213?
False
Does 2859 divide 251997366?
False
Is 9 a factor of 100873099?
False
Is 9796163 a multiple of 98?
False
Does 29 divide 19995181?
True
Does 2871 divide 76397310?
True
Is 68 a factor of 167195748?
True
Is 7 a factor of 49355170?
False
Is 1394904 a multiple of 69?
True
Is 3 a factor of 258367930?
False
Does 1745 divide 1280752490?
False
Does 53 divide 240629696?
False
Is 4 a factor of 7287699?
False
Does 47 divide 234903979?
True
Does 6937 divide 564561974?
False
Is 209121501 a multiple of 2?
False
Is 40 a factor of 22301080?
True
Is 82005300 even?
True
Is 15 a factor of 41038655?
False
Does 2101 divide 1248595226?
False
Is 362748358 a multiple of 2?
True
Does 289 divide 130305982?
False
Is 23 a factor of 55164734?
False
Is 16 a factor of 46743259?
False
Is 437012 a multiple of 4?
True
Does 6 divide 20020098?
True
Is 225361200 a multiple of 6?
True
Is 92601496 a multiple of 13?
True
Is 4850 a factor of 2973837114?
False
Is 44453116 a multiple of 1916?
True
Is 70069499 a multiple of 3203?
False
Does 36 divide 3923682765?
False
Does 84 divide 176681557?
False
Is 4795903 a multiple of 37?
True
Is 8161020 a multiple of 612?
True
Is 18672056 a multiple of 328?
True
Is 868323445 a multiple of 1646?
False
Is 352498576 a multiple of 16?
True
Does 21 divide 80466983?
False
Is 1634263 a multiple of 16?
False
Does 15 divide 133026840?
True
Is 11 a factor of 224971847?
False
Does 118 divide 115351372?
True
Is 120537388 a multiple of 4?
True
Does 250 divide 23752000?
True
Is 1035 a factor of 156220830?
True
Is 225682894 a multiple of 5372?
False
Is 466560620 a multiple of 1684?
True
Does 11773 divide 1037359915?
False
Does 1468 divide 299196016?
True
Is 398740818 a multiple of 18?
False
Does 13459 divide 2023560650?
True
Is 821 a factor of 11939803?
True
Does 5 divide 7992775?
True
Is 4289867329 a multiple of 3936?
False
Does 20 divide 11686640?
True
Is 4568 a factor of 1021297916?
False
Does 26 divide 200902169?
False
Is 197169924 a multiple of 12?
True
Does 1827 divide 89433477?
True
Is 6201709 a multiple of 258?
False
Does 24 divide 625596576?
True
Does 1973 divide 20096501?
False
Does 70 divide 2952031180?
True
Is 1699 a factor of 52640117?
True
Is 897879491 a multiple of 67?
False
Does 11 divide 450541488?
False
Is 12778784 a multiple of 16?
True
Is 643962493 a multiple of 271?
False
Is 10779870 a multiple of 552?
False
Does 63 divide 27645030?
True
Does 6 divide 28189396?
False
Does 190 divide 872825800?
True
Does 933 divide 2359921803?
True
Does 1729 divide 251394871?
True
Is 3 a factor of 3294867?
True
Does 35 divide 294764645?
True
Is 7 a factor of 5393829?
True
Does 4 divide 91166657?
False
Is 18 a factor of 3126457134?
True
Is 1737223287 a multiple of 9?
False
Does 10 divide 361858840?
True
Is 848111100 a multiple of 3970?
True
Is 287 a factor of 651371315?
False
Is 2692493625 a multiple of 75?
True
Is 149855055 a multiple of 3402?
False
Does 786 divide 51361956?
True
Is 54424505 a multiple of 279?
False
Is 1932129689 a multiple of 14?
False
Is 1158 a factor of 26137218?
True
Is 37934500 a multiple of 25?
True
Does 17 divide 277620293?
False
Is 484801430 a multiple of 5659?
False
Does 26 divide 14632268?
False
Does 2727 divide 176083172?
False
Is 12043072 a multiple of 64?
True
Is 1393 a factor of 45172204?
True
Is 11754336 a multiple of 32?
True
Does 1081 divide 77981178?
True
Is 26906194 a multiple of 721?
False
Is 5598123 a multiple of 1129?
False
Is 100 a fa